 the prime factors of 127823.
17, 73, 103
What are the prime factors of 9198513?
3, 17, 59, 1019
List the prime factors of 197786.
2, 98893
What are the prime factors of 13685882?
2, 7, 41, 113, 211
List the prime factors of 881473.
881473
What are the prime factors of 8055582?
2, 3, 19, 70663
List the prime factors of 22894651.
13, 1761127
What are the prime factors of 288974?
2, 7, 20641
What are the prime factors of 6137173?
7, 89, 9851
List the prime factors of 568437.
3, 189479
What are the prime factors of 10918?
2, 53, 103
List the prime factors of 1839723.
3, 17, 36073
List the prime factors of 25105035.
3, 5, 1673669
List the prime factors of 2220376.
2, 277547
What are the prime factors of 4167474?
2, 3, 29, 43, 557
List the prime factors of 126279.
3, 1559
What are the prime factors of 1146870?
2, 3, 5, 12743
What are the prime factors of 26086969?
26086969
What are the prime factors of 28233?
3, 3137
What are the prime factors of 10330674?
2, 3, 1721779
What are the prime factors of 2648648?
2, 331081
List the prime factors of 808531.
283, 2857
What are the prime factors of 154311?
3, 51437
What are the prime factors of 14784817?
14784817
What are the prime factors of 8158762?
2, 4079381
List the prime factors of 1822319.
1822319
What are the prime factors of 911308?
2, 227827
What are the prime factors of 1164697?
23, 79, 641
What are the prime factors of 1399619?
13, 23, 31, 151
What are the prime factors of 155357?
337, 461
What are the prime factors of 182214?
2, 3, 53, 191
What are the prime factors of 8078579?
8078579
List the prime factors of 3076006.
2, 31, 49613
What are the prime factors of 8531668?
2, 173, 12329
What are the prime factors of 10276309?
967, 10627
List the prime factors of 178030.
2, 5, 19, 937
List the prime factors of 115999.
13, 8923
List the prime factors of 4007595.
3, 5, 53, 71
List the prime factors of 4691322.
2, 3, 260629
List the prime factors of 88836.
2, 3, 11, 673
What are the prime factors of 7811568?
2, 3, 17, 3191
What are the prime factors of 26529275?
5, 1061171
List the prime factors of 86387.
7, 41, 43
List the prime factors of 2066648.
2, 258331
List the prime factors of 2284115.
5, 101, 4523
List the prime factors of 816957.
3, 43, 2111
List the prime factors of 2448672.
2, 3, 23, 1109
What are the prime factors of 5981747?
1151, 5197
What are the prime factors of 4190227?
107, 39161
What are the prime factors of 196470?
2, 3, 5, 37, 59
List the prime factors of 6592813.
6592813
List the prime factors of 10647520.
2, 5, 13, 5119
List the prime factors of 270927.
3, 30103
List the prime factors of 1751477.
7, 13, 19, 1013
What are the prime factors of 8749665?
3, 5, 127, 1531
List the prime factors of 2372199.
3, 790733
What are the prime factors of 422733?
3, 29, 43, 113
What are the prime factors of 12309049?
37, 277, 1201
What are the prime factors of 20939517?
3, 2326613
List the prime factors of 279915.
3, 5, 18661
What are the prime factors of 6608397?
3, 2202799
What are the prime factors of 7617265?
5, 1523453
What are the prime factors of 42379?
42379
What are the prime factors of 4430331?
3, 89, 5531
List the prime factors of 25378708.
2, 31, 204667
List the prime factors of 316137.
3, 105379
List the prime factors of 3712866.
2, 3, 19, 32569
What are the prime factors of 1045806?
2, 3, 17, 10253
List the prime factors of 3085018.
2, 1542509
What are the prime factors of 1335773?
113, 11821
List the prime factors of 245945.
5, 7, 7027
List the prime factors of 2814827.
29, 3347
List the prime factors of 161501.
29, 5569
What are the prime factors of 1618449?
3, 7, 77069
List the prime factors of 1028663.
1028663
List the prime factors of 365745.
3, 5, 37, 659
List the prime factors of 136033.
136033
What are the prime factors of 5965416?
2, 3, 29, 2857
What are the prime factors of 1139960?
2, 5, 28499
List the prime factors of 28208456.
2, 3526057
List the prime factors of 591228.
2, 3, 11, 1493
List the prime factors of 600120.
2, 3, 5, 1667
List the prime factors of 397977.
3, 53, 2503
List the prime factors of 1916180.
2, 5, 7, 13687
List the prime factors of 598712.
2, 67, 1117
List the prime factors of 1343650.
2, 5, 7, 11, 349
What are the prime factors of 744707?
744707
What are the prime factors of 824145?
3, 5, 7, 47, 167
What are the prime factors of 319799?
83, 3853
What are the prime factors of 22228?
2, 5557
List the prime factors of 3211470.
2, 3, 5, 17, 2099
What are the prime factors of 3890751?
3, 251, 5167
List the prime factors of 234492.
2, 3, 19541
What are the prime factors of 1527?
3, 509
List the prime factors of 421520.
2, 5, 11, 479
List the prime factors of 916729.
11, 83339
What are the prime factors of 1582666?
2, 17, 46549
List the prime factors of 342768.
2, 3, 37, 193
List the prime factors of 11234309.
43, 61, 4283
List the prime factors of 5540841.
3, 761, 809
List the prime factors of 5995967.
5995967
What are the prime factors of 1838797?
73, 25189
What are the prime factors of 404552?
2, 61, 829
What are the prime factors of 304793?
17, 17929
What are the prime factors of 814958?
2, 29, 14051
What are the prime factors of 1421312?
2, 347
What are the prime factors of 254482?
2, 127241
What are the prime factors of 48842?
2, 24421
List the prime factors of 250742.
2, 125371
What are the prime factors of 3041548?
2, 37, 20551
List the prime factors of 6837160.
2, 5, 11, 41, 379
List the prime factors of 29743169.
1033, 28793
List the prime factors of 9445306.
2, 13, 103, 3527
What are the prime factors of 93516?
2, 3, 7793
List the prime factors of 712979.
89, 8011
What are the prime factors of 736515?
3, 5, 13, 1259
What are the prime factors of 830991?
3, 7, 5653
What are the prime factors of 13216356?
2, 3, 367121
List the prime factors of 12006976.
2, 43, 4363
What are the prime factors of 187365?
3, 5, 12491
List the prime factors of 9426600.
2, 3, 5, 5237
What are the prime factors of 266976?
2, 3, 103
List the prime factors of 1813698.
2, 3, 33587
List the prime factors of 3717491.
823, 4517
List the prime factors of 337012.
2, 13, 6481
What are the prime factors of 18420285?
3, 5, 13, 94463
List the prime factors of 939487.
939487
List the prime factors of 3387937.
7, 483991
What are the prime factors of 1525331?
1525331
List the prime factors of 379270.
2, 5, 17, 23, 97
What are the prime factors of 1967017?
13, 83, 1823
List the prime factors of 12678044.
2, 71, 44641
List the prime factors of 738384.
2, 3, 15383
List the prime factors of 776646.
2, 3, 13, 3319
What are the prime factors of 3023432?
2, 19, 19891
What are the prime factors of 25718229?
3, 17, 19, 983
What are the prime factors of 1833192?
2, 3, 23, 41
List the prime factors of 22339162.
2, 307, 36383
List the prime factors of 637375.
5, 5099
List the prime factors of 2735144.
2, 43, 7951
What are the prime factors of 2526891?
3, 149, 5653
List the prime factors of 10761815.
5, 23, 93581
What are the prime factors of 12558682?
2, 17, 29, 47, 271
List the prime factors of 88746.
2, 3, 7, 2113
What are the prime factors of 22540?
2, 5, 7, 23
List the prime factors of 27857896.
2, 11, 316567
What are the prime factors of 466329?
3, 155443
List the prime factors of 2369395.
5, 7, 19, 509
What are the prime factors of 2668629?
3, 59, 15077
List the prime factors of 6954431.
11, 632221
What are the prime factors of 1283554?
2, 53, 12109
List the prime factors of 4279170.
2, 3, 5, 7, 41, 71
List the prime factors of 12321217.
2239, 5503
List the prime factors of 5009316.
2, 3, 13, 163, 197
What are the prime factors of 317559?
3, 11, 9623
What are the prime factors of 235222?
2, 13, 83, 109
What are the prime factors of 392597?
19, 20663
What are the prime factors of 193070?
2, 5, 43, 449
List the prime factors of 3935305.
5, 11, 71551
What are the prime factors of 9292699?
13, 47, 67, 227
List the prime factors of 778959.
3, 41, 2111
What are the prime factors of 208775?
5, 7, 1193
What are the prime factors of 166886?
2, 83443
List the prime factors of 1022928.
2, 3, 101, 211
What are the prime factors of 5927953?
269, 22037
List the prime factors of 132403.
132403
List the prime factors of 10059575.
5, 402383
What are the prime factors of 1251215?
5, 7, 5107
List t